{"id":4285,"date":"2022-03-07T23:04:47","date_gmt":"2022-03-07T23:04:47","guid":{"rendered":"https:\/\/www.csonewapp.webexperts.me\/?page_id=4285"},"modified":"2022-03-07T23:05:07","modified_gmt":"2022-03-07T23:05:07","slug":"lica-unos","status":"publish","type":"page","link":"https:\/\/www.csonewapp.webexperts.me\/?page_id=4285","title":{"rendered":"Lica &#8211; Unos"},"content":{"rendered":"<div class=\"frm_forms  with_frm_style frm_style_formidable-style\" id=\"frm_form_35_container\" data-token=\"8385c6b2db5984a432d08ea1795ff02f\">\n<form enctype=\"multipart\/form-data\" method=\"post\" class=\"frm-show-form  frm_pro_form \" id=\"form_lica\"  data-token=\"8385c6b2db5984a432d08ea1795ff02f\">\n<div class=\"frm_form_fields \">\n<fieldset>\n<legend class=\"frm_screen_reader\">Lica<\/legend>\r\n\r\n<div class=\"frm_fields_container\">\n<input type=\"hidden\" name=\"frm_action\" value=\"create\" \/>\n<input type=\"hidden\" name=\"form_id\" value=\"35\" \/>\n<input type=\"hidden\" name=\"frm_hide_fields_35\" id=\"frm_hide_fields_35\" value=\"\" \/>\n<input type=\"hidden\" name=\"form_key\" value=\"lica\" \/>\n<input type=\"hidden\" name=\"item_meta[0]\" value=\"\" \/>\n<input type=\"hidden\" id=\"frm_submit_entry_35\" name=\"frm_submit_entry_35\" value=\"7fc00fab99\" \/><input type=\"hidden\" name=\"_wp_http_referer\" value=\"\/index.php?rest_route=%2Fwp%2Fv2%2Fpages%2F4285\" \/><div id=\"frm_field_237_container\" class=\"frm_form_field form-field  frm_top_container frm12 frm_first\">\r\n    <label for=\"field_lice_id\" id=\"field_lice_id_label\" class=\"frm_primary_label\">Id lica\r\n        <span class=\"frm_required\" aria-hidden=\"true\"><\/span>\r\n    <\/label>\r\n    <input type=\"text\" id=\"field_lice_id\" name=\"item_meta[237]\" value=\"9\"  readonly=\"readonly\"  data-frmval=\"9\" data-invmsg=\"lice_id is invalid\" aria-invalid=\"false\"  \/>\r\n    \r\n    \r\n<\/div>\n<div id=\"frm_field_178_container\" class=\"frm_form_field form-field  frm_top_container frm6 frm_first\">\r\n    <label for=\"field_lice_ime\" id=\"field_lice_ime_label\" class=\"frm_primary_label\">Ime\r\n        <span class=\"frm_required\" aria-hidden=\"true\"><\/span>\r\n    <\/label>\r\n    <input type=\"text\" id=\"field_lice_ime\" name=\"item_meta[178]\" value=\"\"  data-invmsg=\"Text is invalid\" aria-invalid=\"false\"  \/>\r\n    \r\n    \r\n<\/div>\n<div id=\"frm_field_179_container\" class=\"frm_form_field form-field  frm_top_container frm6\">\r\n    <label for=\"field_lice_prezime\" id=\"field_lice_prezime_label\" class=\"frm_primary_label\">Prezime\r\n        <span class=\"frm_required\" aria-hidden=\"true\"><\/span>\r\n    <\/label>\r\n    <input type=\"text\" id=\"field_lice_prezime\" name=\"item_meta[179]\" value=\"\"  data-invmsg=\"Text is invalid\" aria-invalid=\"false\"  \/>\r\n    \r\n    \r\n<\/div>\n<div id=\"frm_field_180_container\" class=\"frm_form_field form-field  frm_top_container frm6 frm_first\">\r\n    <label for=\"field_lice_pol\" id=\"field_lice_pol_label\" class=\"frm_primary_label\">Pol\r\n        <span class=\"frm_required\" aria-hidden=\"true\"><\/span>\r\n    <\/label>\r\n    \t\t<select name=\"item_meta[180]\" id=\"field_lice_pol\"  data-placeholder=\"Odaberite pol\"  placeholder=\"Odaberite pol\" data-invmsg=\"Pol is invalid\" aria-invalid=\"false\"  >\n\t\t\t\t\t<option value=\"\">\n\t\t\t\tOdaberite pol\t\t\t<\/option>\n\t\t\t\t\t<option value=\"Mu\u0161ki\"  class=\"\">\n\t\t\tMu\u0161ki\t\t<\/option>\n\t\t\t<option value=\"\u017denski\"  class=\"\">\n\t\t\t\u017denski\t\t<\/option>\n\t\t<\/select>\n\t\r\n    \r\n    \r\n<\/div>\n<div id=\"frm_field_183_container\" class=\"frm_form_field form-field  frm_top_container frm6\">\r\n    <label for=\"field_lice_tel\" id=\"field_lice_tel_label\" class=\"frm_primary_label\">Broj telefona\r\n        <span class=\"frm_required\" aria-hidden=\"true\"><\/span>\r\n    <\/label>\r\n    <input type=\"tel\" id=\"field_lice_tel\" name=\"item_meta[183]\" value=\"\"  data-invmsg=\"Phone is invalid\" aria-invalid=\"false\" pattern=\"((\\+\\d{1,3}(-|.| )?\\(?\\d\\)?(-| |.)?\\d{1,5})|(\\(?\\d{2,6}\\)?))(-|.| )?(\\d{3,4})(-|.| )?(\\d{4})(( x| ext)\\d{1,5}){0,1}$\"  \/>\r\n    \r\n    \r\n<\/div>\n<div id=\"frm_field_181_container\" class=\"frm_form_field form-field  frm_top_container frm6 frm_first\">\r\n    <label for=\"field_lice_emails\" id=\"field_lice_emails_label\" class=\"frm_primary_label\">Email slu\u017ebeni\r\n        <span class=\"frm_required\" aria-hidden=\"true\"><\/span>\r\n    <\/label>\r\n    <input type=\"email\" id=\"field_lice_emails\" name=\"item_meta[181]\" value=\"\"  data-invmsg=\"Email is invalid\" aria-invalid=\"false\"  \/>\r\n    \r\n    \r\n<\/div>\n<div id=\"frm_field_182_container\" class=\"frm_form_field form-field  frm_top_container frm6\">\r\n    <label for=\"field_lice_emailp\" id=\"field_lice_emailp_label\" class=\"frm_primary_label\">Email privatni\r\n        <span class=\"frm_required\" aria-hidden=\"true\"><\/span>\r\n    <\/label>\r\n    <input type=\"email\" id=\"field_lice_emailp\" name=\"item_meta[182]\" value=\"\"  data-invmsg=\"Email is invalid\" aria-invalid=\"false\"  \/>\r\n    \r\n    \r\n<\/div>\n<div id=\"frm_field_305_container\" class=\"frm_form_field form-field  frm_top_container frm12 frm_first\">\r\n    <label for=\"field_lice_grad\" id=\"field_lice_grad_label\" class=\"frm_primary_label\">Grad\r\n        <span class=\"frm_required\" aria-hidden=\"true\"><\/span>\r\n    <\/label>\r\n    <select  name=\"item_meta[305]\" id=\"field_lice_grad\"  data-placeholder=\"Odaberite grad\"  placeholder=\"Odaberite grad\" data-invmsg=\"Grad is invalid\" aria-invalid=\"false\"  >\n<option value=\"\">Odaberite grad<\/option>\n<option value=\"Andrijevica\">Andrijevica<\/option>\n<option value=\"Bar\">Bar<\/option>\n<option value=\"Berane\">Berane<\/option>\n<option value=\"Bijelo Polje\">Bijelo Polje<\/option>\n<option value=\"Budva\">Budva<\/option>\n<option value=\"Cetinje\">Cetinje<\/option>\n<option value=\"Herceg Novi\">Herceg Novi<\/option>\n<option value=\"Kola\u0161in\">Kola\u0161in<\/option>\n<option value=\"Kotor\">Kotor<\/option>\n<option value=\"Mojkovac\">Mojkovac<\/option>\n<option value=\"Nik\u0161i\u0107\">Nik\u0161i\u0107<\/option>\n<option value=\"Petnjica\">Petnjica<\/option>\n<option value=\"Plav\">Plav<\/option>\n<option value=\"Pljevlja\">Pljevlja<\/option>\n<option value=\"Plu\u017eine\">Plu\u017eine<\/option>\n<option value=\"Podgorica\">Podgorica<\/option>\n<option value=\"Ro\u017eaje\">Ro\u017eaje<\/option>\n<option value=\"Tivat\">Tivat<\/option>\n<option value=\"Tuzi\">Tuzi<\/option>\n<option value=\"Ulcinj\">Ulcinj<\/option>\n<option value=\"\u017dabljak\">\u017dabljak<\/option>\n<\/select>\n\r\n    \r\n    \r\n<\/div>\n<div id=\"frm_field_301_container\" class=\"frm_form_field form-field  frm_top_container frm12 frm_first\">\r\n    <label for=\"field_lice_skola\" id=\"field_lice_skola_label\" class=\"frm_primary_label\">Stru\u010dna \u0161kola\r\n        <span class=\"frm_required\" aria-hidden=\"true\"><\/span>\r\n    <\/label>\r\n    <select  name=\"item_meta[301]\" id=\"field_lice_skola\"  data-placeholder=\"Odaberite \u0161kolu (ako je zaposleni nastavno lice u stru\u010dnoj \u0161koli)\"  data-placeholder=\" \" data-placeholder=\" \" placeholder=\"Odaberite \u0161kolu (ako je zaposleni nastavno lice u stru\u010dnoj \u0161koli)\" data-invmsg=\"Stru\u010dna \u0161kola is invalid\" class=\"frm_chzn\" aria-invalid=\"false\"  >\n<option value=\"\"> <\/option>\n<\/select>\n\r\n    \r\n    \r\n<\/div>\n<div id=\"frm_field_302_container\" class=\"frm_form_field  frm_html_container form-field\">ili\n<\/div>\n<div id=\"frm_field_238_container\" class=\"frm_form_field form-field  frm_top_container\">\r\n    <label for=\"field_lice_nazinst\" id=\"field_lice_nazinst_label\" class=\"frm_primary_label\">Drugi poslodavac\r\n        <span class=\"frm_required\" aria-hidden=\"true\"><\/span>\r\n    <\/label>\r\n    <input type=\"text\" id=\"field_lice_nazinst\" name=\"item_meta[238]\" value=\"\"  placeholder=\"firma, ministarstvo, udruzenje, ustanova...\" data-invmsg=\"Text is invalid\" aria-invalid=\"false\"  \/>\r\n    \r\n    \r\n<\/div>\n<div id=\"frm_field_239_container\" class=\"frm_form_field form-field  frm_top_container\">\r\n    <label for=\"field_lice_pozicija\" id=\"field_lice_pozicija_label\" class=\"frm_primary_label\">Pozicija \/ zvanje\r\n        <span class=\"frm_required\" aria-hidden=\"true\"><\/span>\r\n    <\/label>\r\n    <input type=\"text\" id=\"field_lice_pozicija\" name=\"item_meta[239]\" value=\"\"  data-invmsg=\"Text is invalid\" aria-invalid=\"false\"  \/>\r\n    \r\n    \r\n<\/div>\n<input type=\"hidden\" name=\"item_meta[308]\" id=\"field_wo3op\" value=\"\" data-frmval=\"\"\/>\n<input type=\"hidden\" name=\"item_meta[309]\" id=\"field_lice_entryid\" value=\"\"  data-invmsg=\"entry id is invalid\"   \/>\n<input type=\"hidden\" name=\"item_meta[310]\" id=\"field_lice_edit_link\" value=\"\"  data-invmsg=\"Edit link is invalid\"   \/>\n<div id=\"frm_field_311_container\" class=\"frm_form_field  frm_html_container form-field\">\n<p style=\"text-align: right;\"><button class=\"\"><\/button><\/p>\n<\/div>\n\t<input type=\"hidden\" name=\"item_key\" value=\"\" \/>\n\t\t\t\t<div class=\"frm_verify\" aria-hidden=\"true\">\n\t\t\t\t<label for=\"frm_email_35\">\n\t\t\t\t\tIf you are human, leave this field blank.\t\t\t\t<\/label>\n\t\t\t\t<input type=\"text\" class=\"frm_verify\" id=\"frm_email_35\" name=\"frm_verify\" value=\"\"  \/>\n\t\t\t<\/div>\n\t\t<input name=\"frm_state\" type=\"hidden\" value=\"cASnHQCZaCVOiOCb+coa2L4qGtkPJ88fvngATsYx1Uk=\" \/><div class=\"frm_submit\">\r\n\r\n<button class=\"frm_button_submit frm_final_submit\" type=\"submit\"   formnovalidate=\"formnovalidate\">Sa\u010duvaj<\/button>\r\n\r\n<\/div><\/div>\n<\/fieldset>\n<\/div>\n<\/form>\n<\/div>\n\n","protected":false},"excerpt":{"rendered":"","protected":false},"author":1,"featured_media":0,"parent":0,"menu_order":0,"comment_status":"closed","ping_status":"closed","template":"template-minimal.php","meta":{"footnotes":""},"class_list":["post-4285","page","type-page","status-publish","hentry"],"_links":{"self":[{"href":"https:\/\/www.csonewapp.webexperts.me\/index.php?rest_route=\/wp\/v2\/pages\/4285","targetHints":{"allow":["GET"]}}],"collection":[{"href":"https:\/\/www.csonewapp.webexperts.me\/index.php?rest_route=\/wp\/v2\/pages"}],"about":[{"href":"https:\/\/www.csonewapp.webexperts.me\/index.php?rest_route=\/wp\/v2\/types\/page"}],"author":[{"embeddable":true,"href":"https:\/\/www.csonewapp.webexperts.me\/index.php?rest_route=\/wp\/v2\/users\/1"}],"replies":[{"embeddable":true,"href":"https:\/\/www.csonewapp.webexperts.me\/index.php?rest_route=%2Fwp%2Fv2%2Fcomments&post=4285"}],"version-history":[{"count":2,"href":"https:\/\/www.csonewapp.webexperts.me\/index.php?rest_route=\/wp\/v2\/pages\/4285\/revisions"}],"predecessor-version":[{"id":4292,"href":"https:\/\/www.csonewapp.webexperts.me\/index.php?rest_route=\/wp\/v2\/pages\/4285\/revisions\/4292"}],"wp:attachment":[{"href":"https:\/\/www.csonewapp.webexperts.me\/index.php?rest_route=%2Fwp%2Fv2%2Fmedia&parent=4285"}],"curies":[{"name":"wp","href":"https:\/\/api.w.org\/{rel}","templated":true}]}}